t l(c) = -c**2 - 11*c - 9. Let f(q) = -q**2 + 42*q - 206. Let v be f(29). Suppose 30*k = 11*k - v. Give l(k).
9
Suppose -1 + 13 = 3*v, j + 4*v = 8. Let k be ((-12)/j)/(9/(-30)). Let x(c) = -7*c - 7. Give x(k).
28
Let s(g) = -g**2 + 5199*g - 66*g**3 - 2619*g - 2579*g. Determine s(1).
-66
Suppose 50 = -4*d + f, 60*d - 5*f - 14 = 64*d. Let c(u) = 3*u + 45. Calculate c(d).
12
Let f be 5/2*8/10. Let d(t) = 3*t**2 - 3*t**f - t**2 - 7 + 10*t + 0*t**2. Suppose -3*m + 9 = 15, 0 = -2*k - m + 10. What is d(k)?
17
Let h(y) be the first derivative of -7*y**2/2 - 124*y - 5293. Give h(-20).
16
Let n = -130 - -129. Suppose -5*p - 52 = -3*v, -19 = -v + 3*p - p. Let s(z) = -v*z**2 + 20*z**2 + 2*z - 9*z**2 + 1 - 5*z**3. Determine s(n).
6
Suppose -r + 4*l = 3, 3*l - 2 = -5*r + 6. Let y(j) = -37*j + 3*j**2 + 4*j**2 + r + 38*j - 3*j**2 - 5*j**2. Determine y(-1).
-1
Let f(b) = 3*b**2 - 11*b - 4. Let i(q) = 410*q + 2456. Let j be i(-6). Determine f(j).
88
Let a(w) be the third derivative of -w**6/40 + w**5/30 - w**4/24 - w**3/6 + 9*w**2 - 42*w. Calculate a(-3).
101
Suppose 114 = -396*w + 434*w. Let f(a) be the third derivative of 0*a + 1/24*a**4 + 0 - 7*a**2 - 1/3*a**w. Calculate f(-6).
-8
Suppose -331*o + 314*o = -17. Let v(b) = -34*b + 32. Determine v(o).
-2
Let k be (-24)/42 + (-2 - 18/42). Let l(j) be the third derivative of -j**6/120 - j**5/20 - j**4/6 + j**3/6 + 29*j**2. Calculate l(k).
13
Let y(q) be the second derivative of q**5/60 - q**4/3 + 7*q**3 - 32*q + 2. Let x(i) be the second derivative of y(i). Calculate x(3).
-2
Let u(q) = -3*q**2 + q + 1. Let r be -6 + -11 - (-90)/6. What is u(r)?
-13
Let g(l) = -1273*l + 39463. Let o be g(31). Let b(j) = -6*j**2 + 66. Let k(x) = -x**2 + 13. Let d(a) = 2*b(a) - 11*k(a). Give d(o).
-11
Let s = 76 - 63. Let p(z) be the third derivative of z**6/120 - 7*z**5/30 + 11*z**4/24 + 7*z**3/3 + 4*z**2 - 46*z. What is p(s)?
-12
Let j(s) = -s**3 - 6*s**2 - 5*s. Suppose -196 = -10*k + 4. Suppose -30*y + 34*y = -k. Determine j(y).
0
Let v(k) = -2*k + 6. Let g(b) = -17*b - 48. Let c be g(-3). Suppose 5*q = 2*o - 2, -o + 8*q = 6*q - c. Calculate v(o).
-16
Let b = 16 - 14. Suppose -5*c + y + 16 = 0, 0 = y + y + b. Let n(a) = 5*a + 2 - c + 5 - 1. Determine n(-3).
-12
Let z(f) = -f**2 - 4*f + 7. Suppose 8*c - 2331 = 15*c. Let w = -338 - c. What is z(w)?
2
Suppose 20*i - 36*i = -72 - 56. Let n(l) = -l. What is n(i)?
-8
Let c(f) = 11*f**2 + 14*f - 8. Let z(j) = -9*j**2 - 13*j + 8. Let g(u) = -5*c(u) - 6*z(u). Determine g(7).
-1
Let y(z) = -z**2 + 10. Let t be 2*72/16 - 675. Let d = 661 + t. Calculate y(d).
-15
Suppose -103*a - 40 = -111*a. Let w(l) = 7*l**2 - 3*l**3 - 4*l + 2*l**3 + 2*l**3 - 3 - 11*l**2. Calculate w(a).
2
Let v(q) = q**3 + 30*q**2 + 83*q + 55. Suppose -4*b = -n + 107, 0*n - 49 = 2*b - 5*n. Calculate v(b).
1
Let d be (3/2 - 10/4) + -2. Let h(w) = 7*w + 8. Let m(u) = -7*u - 4. Let p(b) = d*m(b) - 2*h(b). Give p(-4).
-32
Let r(s) = -8*s**2 + s. Let u(g) = 20*g**2 + 33*g + 28. Let p(v) = 2*r(v) + u(v). Determine p(-7).
-21
Suppose -138 = 2*j - 5*j + 4*o, 5*j = 2*o + 230. Suppose v = 5*c - j, 5*v + 32 = 3*c - 0*c. Let x(l) = l**2 - 10*l + 1867 + 1863 + 1861 - 5585. Determine x(c).
-3
Suppose -7*k = -10*k - 27. Let l be ((-4)/(-8))/(((-9)/14)/k). Let h(z) = -5*z**2 + 4*z**2 + 2*z**2 - l*z + 13 - 6. Determine h(5).
-3
Let f = 4242 - 4234. Let o(s) be the second derivative of -s**5/20 + 7*s**4/12 + 5*s**3/6 - 5*s**2/2 - 6*s. Calculate o(f).
-29
Let b(m) = m**3 + 16*m**2 - 7*m - 5. Let l(d) = d**3 + 14*d**2 - 6*d - 4. Let k(h) = 6*b(h) - 7*l(h). Give k(2).
-18
Let c(y) = y**3 - y**2 + y - 12. Let t(z) = -z**2 - 7*z + 2. Let b be t(-8). Suppose 0 = -11*d + 10*d - 4*l - 18, 0 = -4*d + 2*l - 18. Let s = d - b. Give c(s).
-12
Suppose -x - 6 = -3*x. Let z(v) be the second derivative of 13 + 3*v - 1/3*v**3 + 3/2*v**2. Give z(x).
-3
Suppose 127*x - 229 = 22*x + 821. Let f(p) = 6*p - 34. Determine f(x).
26
Let p(s) = 37 + 3765*s**3 - 3764*s**3 + 38 + 665*s**2 - s - 666*s**2. Determine p(0).
75
Suppose 3*h - 41 + 29 = 0. Let n(t) = -2 + 54*t - 56*t - h*t**2 + t**3 - 3. Let j(m) = m**3 + 4*m**2 - 4. Let l be j(-3). What is n(l)?
10
Let n(m) = m**3 - m**2 - m - 14. Let t(x) = 18*x - 36. Suppose 3*r = -2*b - 2, -5*r + 9*b - 2 = 12*b. Let g be t(r). What is n(g)?
-14
Let y = 60 + -58. Suppose 0 = -y*c + 7*c. Suppose 4*w + 5*u - 4*u - 31 = c, 0 = 4*w + 5*u - 43. Let t(f) = f**3 - 8*f**2 + 5*f + 9. Determine t(w).
-5
Suppose -13*v = -9*v - 4. Let f = 11 + -8. Let i(g) = 1 + 8*g**3 + 3*g**3 + g**2 + 4*g**3 - g + g**f. What is i(v)?
17
Let b(f) = 9*f + 277. Let k be b(-30). Let n(c) = 34*c - 238. Calculate n(k).
0
Let x(p) = -p**3 + p**2 + p + 12. Let y(a) = -a**3 - 12*a**2 - 14*a + 60. Let v be y(-10). Let s be x(v). Let q(c) = -2*c + 4. Give q(s).
-20
Let z(a) = -a**2 - 7*a + 6. Suppose 2*t - 98 = -5*b, -104 = -2*t - 3*b - 10. Suppose 5*y - 2*l = -t, -y = -6*y + 4*l - 48. Give z(y).
-2
Let i(t) = -t**2 - 3*t - 2. Let d be ((-2 - -11) + -4)*-1. Give i(d).
-12
Let c = -89 - -49. Let l = -43 - c. Let b(o) = -5*o**2 + 4. Let w(d) = 1. Let i(q) = l*w(q) + b(q). Calculate i(1).
-4
Let m(w) = -14*w + 22 + 1 - w**3 - 250*w**2 - 4 + 12*w + 270*w**2. Calculate m(20).
-21
Let s(x) = 11*x + 1. Let t(k) = 2*k - 1. Let a(m) = -m**2 + 5*m + 2. Let q be a(4). Let l(c) = q*t(c) - s(c). Determine l(15).
8
Let x(i) = -i + 1. Let w(k) = 2*k + 43. Let l be w(-35). Let y be (3 + 3)/(l/18). What is x(y)?
5
Let d(m) = -m**3 - 4*m**2 + 8. Let c be (5/30)/((-8 + -1)/270). Calculate d(c).
33
Suppose 783*v = 398*v + 362*v + 138. Let d(j) = -3 - j**3 - 2*j + 2 + 7*j**2 + 0*j**2. Give d(v).
23
Let p(h) = -10*h**3 - 8*h**2 + 7*h + 17. Let f(a) = 17*a**3 + 19*a**2 - 18*a - 34. Let z(c) = 3*f(c) + 5*p(c). Determine z(-18).
1
Let g(c) = 8*c + 33. Let p be g(-6). Let s = 20 + p. Let j(u) = -19*u - 21. Let o(q) = -12*q - 14. Let a(y) = 5*j(y) - 8*o(y). What is a(s)?
12
Let t(i) be the third derivative of -15*i**2 + 7/3*i**3 - 2*i - 1/24*i**4 + 0. What is t(6)?
8
Let y be (3 - 35/10)*1*8. Let p(k) = -k**3 - 77*k**2 + 1 - k + 49*k**2 + 24*k**2. Give p(y).
5
Suppose 4*t - 5*x + 25 = 0, 0 = x - 7 + 2. Let o(l) = l**2 - l + 12. What is o(t)?
12
Let r(v) = v + 2. Let i be (57/(-38))/((6/(-1))/12). Determine r(i).
5
Suppose 0 = -48*b + 75 + 21. Let y(w) be the second derivative of -w**5/10 + w**4/4 - w**3/6 - w**2/2 + 24*w. What is y(b)?
-7
Suppose 0 = -11*f - 15*f + 182. Let s(x) = -f + 0*x**2 - 2 + 8*x**2 + 36*x**3 - 10*x - 35*x**3. Determine s(-9).
0
Let r be (-4)/(-7) - (-192)/56. Suppose 0 = -r*g + 8*g + 20. Let f(w) = -3*w + 7 + 3*w**3 - 4*w**3 - 6*w**2 - 2. Give f(g).
-5
Let v(s) be the first derivative of -2*s - 28 - 1/3*s**3 + 5/2*s**2. Calculate v(5).
-2
Let v(y) be the first derivative of -y**4/4 + 7*y**3/3 + y**2 - 5*y - 2. Suppose 0 = 9*k - 266 + 203. What is v(k)?
9
Let d be 156/24*2/1. Let p(x) = x**3 - 13*x**2 - 2. Determine p(d).
-2
Suppose 27*g - 34 - 1 - 46 = 0. Let y(q) be the third derivative of -1/24*q**4 + 1/6*q**g + 0 - 10*q**2 + 0*q. Give y(-6).
7
Let w be (2 + 2)*455/260. Let i(q) = -9 + 3 + 6*q - q**2 - 1. What is i(w)?
-14
Let z(s) = -s**2 + 8*s + 4. Suppose 7*v - 30*v = 46*v - 0*v. What is z(v)?
4
Let j(h) = -h**3 + 8*h**2 + 10*h - 3. Let v(d) = -4*d - 111. Let m(a) = -a**3 + 14*a**2 + 11*a + 30. Let w be m(15). Let f be v(w). Calculate j(f).
6
Suppose -55*b + 50*b = -10. Suppose -b*i = 5*n - 37, -5*n - 5*i - 3 = -43. Let w(o) = o**2 - 5*o - 5. What is w(n)?
9
Let g(j) = -24*j**3 + 23*j**2 + 105*j + 29. Let u(l) = 5*l**3 - 5*l**2 - 22*l - 6. Let v(m) = -4*g(m) - 19*u(m). Let p be 2/(-8) - (-22)/(-8). Determine v(p).
4
Let k be 8*(-2 - -1)*1. Let s(h) = h + 5. Let i be s(k). Let g(p) be the first derivative of -p**4/4 - p**3 - 3*p**2/2 + 2*p - 265. Give g(i).
11
Suppose 5*m = -2*b - 105, 4*m + b = -108 + 27. Let a = m - -13. Let i be (a/(-4))/((-12)/(-16)). Let g(l) = -l**2 + 4*l - 3. Calculate g(i).
1
Let d(m) = 64*m + m**3 + 26*m**2 + 29 - 63*m - m**2. Let h be d(-25). Let t(w) = 3*w + 5. Calculate t(h).
17
Let y(c) = c**3 - 7*c**2 + 6*c - 8. Let m(u) = 12*u**2 + 8*u - 1. Let n be m(-1). Suppose 2*j - n*f = 6, 5*f - 30 + 8 = -2*j. Calculate y(j).
-8
Suppose 0 = -3*v + c + 6, -v - 14 = 5*c. Let d(s) be the second derivative of 1/6*s**4 + s + 0*s**2 - 1/